6?
-45153
In base 7, what is 1023 + -16031?
-15005
In base 13, what is 228 + -155?
a3
In base 9, what is -28576434 - 2?
-28576436
In base 8, what is -2 + -343002?
-343004
In base 7, what is 5 - -41150?
41155
In base 14, what is d - 1106?
-10d7
In base 11, what is 10 + -2404?
-23a4
In base 11, what is -5724 + -6?
-572a
In base 9, what is -87782 + 0?
-87782
In base 10, what is -6 - -1724?
1718
In base 6, what is -421052 - -24?
-421024
In base 5, what is 40003 + 102?
40110
In base 12, what is -238 + 248?
10
In base 4, what is -31 + -1010033013?
-1010033110
In base 4, what is 202 - 3330220?
-3330012
In base 13, what is -2030 - 9?
-2039
In base 8, what is 12044066 - 3?
12044063
In base 3, what is 10101 + 1010002?
1020110
In base 8, what is 37327 - -12?
37341
In base 15, what is 1c - 1406?
-13d9
In base 15, what is 4 - 426?
-422
In base 6, what is 3 - 3022051?
-3022044
In base 10, what is -120010 - -2?
-120008
In base 16, what is -5aca - -7?
-5ac3
In base 12, what is -5264 - -14?
-5250
In base 11, what is 189444 - -1?
189445
In base 8, what is -2153 + 25?
-2126
In base 4, what is 30013 + 100?
30113
In base 15, what is -3 - -5d774?
5d771
In base 9, what is -737 + 1506?
658
In base 14, what is c253 + -a?
c247
In base 11, what is -5 + -17a897?
-17a8a1
In base 3, what is 12 - 12020012020?
-12020012001
In base 3, what is -200122210201 + -11?
-200122210212
In base 8, what is -454 + 203?
-251
In base 15, what is -b69 + -c7?
-c41
In base 4, what is 11131113 + -320?
11130133
In base 10, what is 7304 + -311?
6993
In base 13, what is -29390 - c?
-2939c
In base 5, what is 11004 + -21330?
-10321
In base 13, what is 8 + -345?
-33a
In base 4, what is 21 + 2220?
2301
In base 12, what is a7b - -536?
13b5
In base 14, what is 2d80 + -b5?
2ca9
In base 16, what is cf + 327?
3f6
In base 7, what is -133054 - 6?
-133063
In base 15, what is 39716 - 5?
39711
In base 5, what is 1 - 3110012?
-3110011
In base 16, what is -21 + 8f?
6e
In base 10, what is 46 - -8916?
8962
In base 2, what is 10001 + -10010000110?
-10001110101
In base 5, what is 2034140 + 33?
2034223
In base 5, what is -424 + -2110231?
-2111210
In base 9, what is 7022512 + 2?
7022514
In base 16, what is -6e58 + 2?
-6e56
In base 3, what is 10220200100 - -12?
10220200112
In base 9, what is 62 - -18866?
20038
In base 12, what is -8906 + 31?
-8895
In base 5, what is -202124 - 113?
-202242
In base 2, what is -11000110000100 + -10?
-11000110000110
In base 4, what is -1121203 + 3222?
-1111321
In base 14, what is 6 - -652?
658
In base 13, what is bc - 2?
ba
In base 3, what is 2002202 + 121002?
2200211
In base 15, what is -1676e - -5?
-16769
In base 13, what is -918 + -8b9?
-1504
In base 13, what is 142 - 14?
12b
In base 11, what is 28992 - 6?
28987
In base 7, what is 16503 - 2?
16501
In base 12, what is -433 - 797?
-100a
In base 10, what is -5 - 1949?
-1954
In base 4, what is 220032100 - 11?
220032023
In base 5, what is -1404 - 111?
-2020
In base 5, what is -22322443 + 12?
-22322431
In base 8, what is 17140273 + 0?
17140273
In base 15, what is -a523 + -2?
-a525
In base 8, what is 0 - 143620?
-143620
In base 13, what is 1 - -196583?
196584
In base 4, what is -1113120021 + 11?
-1113120010
In base 5, what is 10 - 332420?
-332410
In base 10, what is 54 - -108177?
108231
In base 3, what is 1 + 1011011101212?
1011011101220
In base 8, what is 253 + 164?
437
In base 6, what is 0 - 23214343?
-23214343
In base 2, what is -11 - 101001100010?
-101001100101
In base 14, what is 5 - 266a94?
-266a8d
In base 8, what is -2 - 164027?
-164031
In base 11, what is 141 + 517?
658
In base 14, what is -b63c - 73?
-b6b1
In base 2, what is 10010110010101110 + 100?
10010110010110010
In base 2, what is 11010111110000 + -11001011?
11010100100101
In base 5, what is 111123 + 30?
111203
In base 8, what is -10656576 + 0?
-10656576
In base 9, what is 37 - -17577?
17625
In base 4, what is -10330210 + 2?
-10330202
In base 13, what is -44 - -6c07?
6b93
In base 11, what is 9a73 + -19?
9a55
In base 2, what is 1011000110011 - 1010?
1011000101001
In base 7, what is -352030 - -11?
-352016
In base 13, what is -88 + -115b?
-1216
In base 8, what is -3 + -2677705?
-2677710
In base 5, what is 3 + 1001?
1004
In base 9, what is -41 - 3437?
-3478
In base 5, what is 412411 + 4?
412420
In base 10, what is 1397 - 59?
1338
In base 12, what is -52b1 - 17?
-5308
In base 2, what is -10001000101100000 - 100?
-10001000101100100
In base 4, what is 323312 - -10?
323322
In base 7, what is -2130 - -10?
-2120
In base 5, what is 1221323 - -10?
1221333
In base 12, what is 65 + 1a3?
248
In base 11, what is 2a - 806?
-787
In base 3, what is -112120 - 201?
-120021
In base 3, what is -1112021 + 1002?
-1111012
In base 14, what is 886 + -1a4?
6c2
In base 5, what is 14 - 203140?
-203121
In base 12, what is -3 - 80797?
-8079a
In base 13, what is -5 - -ba61?
ba59
In base 3, what is 0 - -100000021120?
100000021120
In base 12, what is -48887 - 10?
-48897
In base 13, what is -13 - -242?
22c
In base 16, what is b + -25959?
-2594e
In base 14, what is 16c + -71?
db
In base 14, what is -aa1 + 46?
-a59
In base 5, what is 1012202 + -1?
1012201
In base 13, what is -1352 + 5?
-134a
In base 13, what is -182 + 97?
-b8
In base 4, what is -11 + -121203103?
-121203120
In base 16, what is -8f246 - -1?
-8f245
In base 9, what is -1776 + -548?
-2435
In base 4, what is -331 - 31210?
-32201
In base 8, what is -362 - 10605?
-11167
In base 3, what is -121120 + 21221?
-22122
In base 2, what is 10 - -11001001100?
11001001110
In base 16, what is -1 - -2417?
2416
In base 9, what is -1 + -32460?
-32461
In base 4, what is -223001 + -1010?
-230011
In base 6, what is 4313411 + 3?
4313414
In base 13, what is -6 + cb5?
cac
In base 11, what is 57488 + -1?
57487
In base 4, what is 10 - -33032131?
33032201
In base 2, what is 11101101 + -1000000010011?
-111100100110
In base 3, what is -12 + 11202201?
11202112
In base 5, what is -3231 - -44?
-3132
In base 15, what is -2ae5d + -2?
-2ae60
In base 10, what is -142 - -14899?
14757
In base 12, what is 12a0b + 3?
12a12
In base 3, what is 111010 + 20001?
201011
In base 15, what is 3 - -440e9?
440ec
In base 5, what is -100404 + -14?
-100423
In base 11, what is -3036 + 14?
-3022
In base 15, what is -4980 - -2?
-497d
In base 16, what is dab - d?
d9e
In base 16, what is 0 - 24d9?
-24d9
In base 5, what is -10 - 23200314?
-23200324
In base 12, what is -512a3 - -3?
-512a0
In base 15, what is -d - -d072?
d064
In base 3, what is -222221 - 212122?
-1212120
In base 7, what is -2 + 4620361?
4620356
In base 8, what is 7 - -226012?
226021
In base 12, what is 10 + 13222?
13232
In base 2, what is 1000 - 10001001001010?
-10001001000010
In base 9, what is -15 - 18471?
-18486
In base 3, what is -1 - -2201122?
2201121
In base 16, what is -127 - 126?
-24d
In base 5, what is -240 + -1003322?
-1004112
In base 3, what is -10 - -2011021111221?
2011021111211
In base 15, what is -147231 + -5?
-147236
In base 9, what is 0 + -623886?
-623886
In base 15, what is 8dab + 4?
8db0
In base 5, what is 113443 + 44?
114042
In base 5, what is 233 + 43431?
44214
In base 8, what is 6206 + -3?
6203
In base 7, what is 30 + -25356?
-25326
In base 6, what is 101445333 - 1?
101445332
In base 10, what is 3 + 8478?
8481
In base 8, what is -23 + -25406?
-25431
In base 5, what is 4 - -2032302?
2032311
In base 14, what is 3303 + 54?
3357
In base 14, what is b - 49160?
-49153
In base 15, what is 2 - -11add?
11ae0
In base 3, what is -10120000100012 + -12?
-10120000100101
In base 2, what is -101 - -11101000010100?
11101000001111
In base 10, what is -21 + 1544?
1523
In base 14, what is ad + -7abb?
-7a0c
In base 6, what is -1 + -52504123?
-52504124
In base 2, what is 101010101 + 1100101100?
10010000001
In base 12, what is -16 - 2847?
-2861
In base 6, what is -2 + -503040?
-503042
In base 13, what is 53 - 4ac?
-459
In base 13, what is 8b19 + -4?
8b15
In base 16, what is 30d8d + 0?
30d8d
In base 8, what is 402220 + -5?
402213
In base 12, what is a - -7a444?
7a452
In base 5, what is -4 - -10423004?
10423000
In base 6, what is 121135 - 5?
121130
In base 5, what is -32 - 11020221?
-11020303
In base 13, what is 481c0 - 5?
481b8
In base 9, what is 5 - -72685?
72701
In base 3, what is -10120110 + 2012?
-10111021
In base 8, what is 2204 + -7?
2175
In 